e prime factors of 6252.
2, 3, 521
What are the prime factors of 1972?
2, 17, 29
What are the prime factors of 2610?
2, 3, 5, 29
What are the prime factors of 6652?
2, 1663
List the prime factors of 16117.
71, 227
List the prime factors of 3082.
2, 23, 67
List the prime factors of 8110.
2, 5, 811
What are the prime factors of 48260?
2, 5, 19, 127
What are the prime factors of 3566?
2, 1783
List the prime factors of 53465.
5, 17, 37
List the prime factors of 598.
2, 13, 23
List the prime factors of 11716.
2, 29, 101
What are the prime factors of 5067?
3, 563
What are the prime factors of 128739?
3, 13, 3301
What are the prime factors of 522?
2, 3, 29
List the prime factors of 3928.
2, 491
List the prime factors of 112.
2, 7
What are the prime factors of 1720?
2, 5, 43
What are the prime factors of 19014?
2, 3, 3169
List the prime factors of 6587.
7, 941
List the prime factors of 733.
733
What are the prime factors of 372?
2, 3, 31
List the prime factors of 2504.
2, 313
List the prime factors of 745.
5, 149
What are the prime factors of 11838?
2, 3, 1973
What are the prime factors of 3523?
13, 271
List the prime factors of 827.
827
What are the prime factors of 16537?
23, 719
What are the prime factors of 261?
3, 29
List the prime factors of 8773.
31, 283
What are the prime factors of 9744?
2, 3, 7, 29
List the prime factors of 5184.
2, 3
What are the prime factors of 16786?
2, 7, 11, 109
List the prime factors of 28740.
2, 3, 5, 479
List the prime factors of 2061.
3, 229
What are the prime factors of 4564?
2, 7, 163
What are the prime factors of 2769?
3, 13, 71
List the prime factors of 757.
757
List the prime factors of 18450.
2, 3, 5, 41
List the prime factors of 888.
2, 3, 37
List the prime factors of 10016.
2, 313
List the prime factors of 24096.
2, 3, 251
List the prime factors of 42634.
2, 21317
List the prime factors of 113.
113
List the prime factors of 2604.
2, 3, 7, 31
List the prime factors of 809.
809
What are the prime factors of 290?
2, 5, 29
List the prime factors of 3284.
2, 821
What are the prime factors of 5311?
47, 113
List the prime factors of 40429.
40429
List the prime factors of 34041.
3, 7, 1621
List the prime factors of 7285.
5, 31, 47
What are the prime factors of 57256?
2, 17, 421
What are the prime factors of 2774?
2, 19, 73
What are the prime factors of 37759?
61, 619
What are the prime factors of 2008?
2, 251
What are the prime factors of 127507?
127507
List the prime factors of 15475.
5, 619
List the prime factors of 4341.
3, 1447
What are the prime factors of 1654?
2, 827
List the prime factors of 1637.
1637
List the prime factors of 28231.
7, 37, 109
List the prime factors of 2121.
3, 7, 101
What are the prime factors of 12533?
83, 151
What are the prime factors of 1362?
2, 3, 227
List the prime factors of 179536.
2, 7, 229
List the prime factors of 900.
2, 3, 5
List the prime factors of 4842.
2, 3, 269
What are the prime factors of 12468?
2, 3, 1039
What are the prime factors of 1550?
2, 5, 31
What are the prime factors of 4851?
3, 7, 11
List the prime factors of 939.
3, 313
What are the prime factors of 612?
2, 3, 17
List the prime factors of 176338.
2, 88169
List the prime factors of 18067.
7, 29, 89
What are the prime factors of 7200?
2, 3, 5
What are the prime factors of 3435?
3, 5, 229
What are the prime factors of 802?
2, 401
What are the prime factors of 17092?
2, 4273
List the prime factors of 1845.
3, 5, 41
What are the prime factors of 2656?
2, 83
What are the prime factors of 12256?
2, 383
What are the prime factors of 10753?
10753
List the prime factors of 406.
2, 7, 29
What are the prime factors of 17487?
3, 29, 67
What are the prime factors of 3799?
29, 131
List the prime factors of 761.
761
What are the prime factors of 76585?
5, 17, 53
List the prime factors of 31640.
2, 5, 7, 113
List the prime factors of 1675.
5, 67
What are the prime factors of 411?
3, 137
What are the prime factors of 2579?
2579
List the prime factors of 2326.
2, 1163
What are the prime factors of 1621?
1621
List the prime factors of 1005.
3, 5, 67
What are the prime factors of 32521?
17, 1913
List the prime factors of 382.
2, 191
List the prime factors of 73153.
191, 383
What are the prime factors of 1973?
1973
List the prime factors of 11251.
11251
What are the prime factors of 11796?
2, 3, 983
List the prime factors of 3684.
2, 3, 307
List the prime factors of 7109.
7109
List the prime factors of 59208.
2, 3, 2467
What are the prime factors of 1013?
1013
List the prime factors of 45470.
2, 5, 4547
List the prime factors of 23905.
5, 7, 683
What are the prime factors of 12716?
2, 11, 17
What are the prime factors of 27607?
19, 1453
List the prime factors of 36262.
2, 18131
List the prime factors of 3816.
2, 3, 53
List the prime factors of 3060.
2, 3, 5, 17
What are the prime factors of 1691?
19, 89
List the prime factors of 312.
2, 3, 13
List the prime factors of 3077.
17, 181
List the prime factors of 704.
2, 11
List the prime factors of 45247.
45247
What are the prime factors of 884?
2, 13, 17
List the prime factors of 4230.
2, 3, 5, 47
What are the prime factors of 1771?
7, 11, 23
What are the prime factors of 13917?
3, 4639
List the prime factors of 6454.
2, 7, 461
What are the prime factors of 4644?
2, 3, 43
What are the prime factors of 14634?
2, 3, 271
List the prime factors of 7349.
7349
What are the prime factors of 12163?
12163
What are the prime factors of 55909?
7, 163
List the prime factors of 7481.
7481
What are the prime factors of 310?
2, 5, 31
List the prime factors of 39685.
5, 7937
What are the prime factors of 7354?
2, 3677
What are the prime factors of 59184?
2, 3, 137
What are the prime factors of 42151?
61, 691
List the prime factors of 3113.
11, 283
List the prime factors of 72.
2, 3
What are the prime factors of 863?
863
What are the prime factors of 10676?
2, 17, 157
List the prime factors of 20833.
83, 251
What are the prime factors of 1080?
2, 3, 5
List the prime factors of 9218.
2, 11, 419
What are the prime factors of 2450?
2, 5, 7
List the prime factors of 1382.
2, 691
List the prime factors of 21024.
2, 3, 73
What are the prime factors of 28926?
2, 3, 1607
List the prime factors of 25683.
3, 7, 1223
What are the prime factors of 24868?
2, 6217
List the prime factors of 148.
2, 37
List the prime factors of 1430.
2, 5, 11, 13
What are the prime factors of 264?
2, 3, 11
What are the prime factors of 149?
149
List the prime factors of 1221.
3, 11, 37
List the prime factors of 453.
3, 151
List the prime factors of 539.
7, 11
What are the prime factors of 14080?
2, 5, 11
List the prime factors of 1048.
2, 131
List the prime factors of 1831.
1831
List the prime factors of 1257.
3, 419
What are the prime factors of 63888?
2, 3, 11
What are the prime factors of 2883?
3, 31
What are the prime factors of 13683?
3, 4561
List the prime factors of 6378.
2, 3, 1063
What are the prime factors of 702?
2, 3, 13
List the prime factors of 458.
2, 229
What are the prime factors of 777?
3, 7, 37
List the prime factors of 44271.
3, 4919
What are the prime factors of 4075?
5, 163
What are the prime factors of 2707?
2707
List the prime factors of 13628.
2, 3407
What are the prime factors of 2462?
2, 1231
What are the prime factors of 1973?
1973
List the prime factors of 5718.
2, 3, 953
List the prime factors of 20899.
20899
List the prime factors of 73618.
2, 36809
List the prime factors of 3655.
5, 17, 43
List the prime factors of 1220.
2, 5, 61
What are the prime factors of 48981?
3, 29, 563
List the prime factors of 4417.
7, 631
List the prime factors of 3826.
2, 1913
List the prime factors of 527.
17, 31
List the prime factors of 35063.
7, 5009
What are the prime factors of 85?
5, 17
What are the prime factors of 59387?
59387
What are the prime factors of 123134?
2, 11, 29, 193
List the prime factors of 15141.
3, 7, 103
List the prime factors of 653.
653
List the prime factors of 854.
2, 7, 61
List the prime factors of 93092.
2, 17, 37
What are the prime factors of 3259?
3259
What are the prime factors of 3582?
2, 3, 199
What are the prime factors of 98?
2, 7
What are the prime factors of 251?
251
List the prime factors of 17924.
2, 4481
List the prime factors of 14839.
11, 19, 71
What are the prime factors